
Calculate the highest common divisor of 61 and 12871.
61
Calculate the highest common factor of 100 and 125.
25
What is the highest common divisor of 2457 and 1404?
351
What is the highest common factor of 2 and 47?
1
Calculate the highest common factor of 112 and 21616.
112
What is the highest common divisor of 364 and 455?
91
Calculate the highest common divisor of 180 and 75.
15
Calculate the highest common divisor of 10 and 1585.
5
Calculate the highest common factor of 2 and 106.
2
What is the highest common divisor of 534 and 6?
6
What is the highest common divisor of 28 and 154?
14
What is the greatest common factor of 4 and 74?
2
Calculate the greatest common divisor of 1342 and 308.
22
Calculate the highest common factor of 14 and 15463.
7
Calculate the greatest common divisor of 315 and 2905.
35
Calculate the highest common factor of 351 and 156.
39
Calculate the highest common divisor of 8 and 250.
2
What is the highest common divisor of 42 and 224?
14
Calculate the greatest common factor of 133 and 63.
7
Calculate the greatest common factor of 605 and 10769.
121
What is the highest common divisor of 68 and 782?
34
Calculate the highest common divisor of 21 and 42.
21
What is the greatest common divisor of 12 and 51?
3
Calculate the greatest common divisor of 9608 and 8.
8
What is the highest common factor of 329 and 56?
7
Calculate the highest common factor of 23 and 184.
23
Calculate the greatest common factor of 264 and 72.
24
What is the greatest common divisor of 30 and 830?
10
Calculate the highest common factor of 117 and 3939.
39
Calculate the greatest common factor of 17 and 4.
1
Calculate the greatest common factor of 16 and 44.
4
What is the greatest common factor of 130 and 15?
5
Calculate the highest common divisor of 335 and 5.
5
What is the greatest common divisor of 5427 and 324?
81
What is the greatest common divisor of 3 and 5211?
3
Calculate the highest common factor of 494 and 304.
38
What is the greatest common factor of 1809 and 335?
67
What is the highest common divisor of 37 and 148?
37
What is the greatest common factor of 145 and 899?
29
Calculate the greatest common factor of 42 and 42.
42
What is the greatest common divisor of 65 and 1547?
13
What is the highest common divisor of 96 and 3?
3
Calculate the highest common divisor of 1001 and 385.
77
Calculate the greatest common divisor of 237 and 1975.
79
Calculate the greatest common factor of 76 and 513.
19
Calculate the highest common factor of 13538 and 28.
14
What is the highest common factor of 15906 and 66?
66
What is the highest common factor of 2989 and 183?
61
What is the greatest common divisor of 106337 and 77?
77
What is the greatest common divisor of 3977 and 97?
97
What is the greatest common divisor of 279 and 248?
31
Calculate the greatest common divisor of 2398 and 16.
2
Calculate the greatest common divisor of 145 and 120.
5
Calculate the highest common factor of 410 and 656.
82
What is the greatest common factor of 230 and 92?
46
Calculate the highest common factor of 120 and 2190.
30
What is the highest common factor of 45 and 3645?
45
Calculate the highest common divisor of 209 and 19.
19
Calculate the greatest common divisor of 213 and 355.
71
Calculate the greatest common factor of 595 and 805.
35
What is the highest common factor of 450 and 3450?
150
What is the highest common factor of 85 and 136?
17
Calculate the highest common factor of 793 and 244.
61
Calculate the highest common divisor of 147 and 9.
3
What is the highest common factor of 928 and 29?
29
What is the highest common divisor of 72 and 12924?
36
What is the highest common divisor of 1209 and 39?
39
What is the highest common divisor of 52 and 1196?
52
Calculate the greatest common factor of 102 and 216.
6
What is the highest common divisor of 3038 and 392?
98
What is the greatest common divisor of 905 and 5?
5
Calculate the highest common factor of 26 and 16653.
13
Calculate the greatest common factor of 1536 and 96.
96
What is the highest common factor of 32 and 256?
32
Calculate the highest common factor of 1071 and 147.
21
What is the greatest common divisor of 1911 and 312?
39
Calculate the greatest common factor of 2826 and 450.
18
Calculate the greatest common divisor of 130 and 325.
65
Calculate the highest common divisor of 8148 and 63.
21
What is the highest common factor of 319 and 869?
11
What is the greatest common divisor of 517 and 141?
47
Calculate the greatest common divisor of 7 and 3899.
7
What is the highest common factor of 126 and 531?
9
What is the highest common divisor of 63 and 2151?
9
Calculate the highest common divisor of 34 and 799.
17
Calculate the greatest common divisor of 70 and 2030.
70
Calculate the greatest common divisor of 1836 and 336.
12
What is the greatest common divisor of 94 and 7003?
47
Calculate the highest common divisor of 50 and 490.
10
What is the highest common factor of 1076 and 188?
4
Calculate the highest common factor of 180 and 144.
36
Calculate the highest common factor of 1739 and 185.
37
Calculate the greatest common factor of 21 and 21.
21
Calculate the greatest common divisor of 34 and 3893.
17
Calculate the greatest common divisor of 20271 and 932.
233
What is the highest common divisor of 84 and 18?
6
Calculate the highest common divisor of 69 and 759.
69
Calculate the greatest common divisor of 18 and 4.
2
Calculate the greatest common divisor of 1080 and 50.
10
What is the highest common factor of 924 and 224?
28
Calculate the greatest common divisor of 56 and 280.
56
What is the greatest common divisor of 125 and 50?
25
Calculate the greatest common divisor of 782 and 119.
17
Calculate the greatest common factor of 306 and 374.
34
Calculate the highest common divisor of 75 and 180.
15
What is the highest common factor of 3 and 234?
3
Calculate the greatest common factor of 130 and 10.
10
Calculate the highest common divisor of 13 and 169.
13
Calculate the greatest common factor of 8 and 40064.
8
Calculate the greatest common divisor of 492 and 205.
41
Calculate the greatest common divisor of 52 and 2236.
52
What is the greatest common divisor of 7 and 882?
7
What is the greatest common divisor of 23 and 1127?
23
Calculate the highest common factor of 113 and 1017.
113
Calculate the greatest common factor of 5 and 3.
1
What is the highest common divisor of 4 and 52?
4
Calculate the greatest common divisor of 91 and 12649.
91
What is the greatest common factor of 1372 and 6?
2
What is the highest common factor of 20 and 2690?
10
What is the highest common factor of 7 and 38724?
7
What is the highest common factor of 385 and 616?
77
Calculate the greatest common factor of 73 and 7519.
73
What is the greatest common divisor of 664 and 544?
8
Calculate the greatest common divisor of 104 and 6136.
104
Calculate the highest common divisor of 84 and 40908.
84
Calculate the greatest common factor of 2109 and 1110.
111
What is the greatest common divisor of 115 and 161?
23
What is the highest common divisor of 189 and 231?
21
What is the greatest common divisor of 12142 and 26?
26
What is the greatest common factor of 42 and 154?
14
What is the highest common divisor of 16035 and 15?
15
Calculate the highest common factor of 515 and 412.
103
Calculate the greatest common factor of 26 and 7514.
26
What is the greatest common factor of 525 and 555?
15
What is the greatest common factor of 356 and 979?
89
What is the greatest common divisor of 2430 and 300?
30
Calculate the highest common factor of 90 and 36.
18
Calculate the greatest common factor of 69 and 184.
23
What is the greatest common divisor of 4 and 138?
2
Calculate the highest common divisor of 583 and 22.
11
Calculate the highest common divisor of 8651 and 844.
211
What is the greatest common factor of 83 and 2241?
83
Calculate the greatest common divisor of 574 and 164.
82
What is the greatest common factor of 261 and 2001?
87
What is the greatest common factor of 3213 and 54?
27
What is the highest common divisor of 53 and 1643?
53
Calculate the highest common factor of 116 and 986.
58
What is the greatest common divisor of 350 and 245?
35
Calculate the greatest common divisor of 30 and 42.
6
What is the greatest common factor of 18 and 33?
3